 1508272433 prime?
False
Is 6143648477 a composite number?
True
Is 28119290347 prime?
True
Is 8297537487 composite?
True
Is 127416793579 prime?
True
Is 11556884791 a composite number?
True
Is 2138809159 a composite number?
True
Is 5426600513 a prime number?
True
Is 533115599 composite?
False
Is 8656208963 composite?
True
Is 835152161 a prime number?
True
Is 17588637863 prime?
True
Is 12977952259 a composite number?
True
Is 6381211261 a prime number?
True
Is 225329575117 a composite number?
True
Is 36561696419 a prime number?
True
Is 2181210797 a prime number?
False
Is 88342798913 composite?
True
Is 7928946743 prime?
False
Is 155067887 a composite number?
True
Is 24618477211 a composite number?
True
Is 131342551 a composite number?
True
Is 4466414603 a composite number?
True
Is 8234959529 composite?
False
Is 2421085169 composite?
False
Is 242022089 composite?
False
Is 27165189013 a prime number?
False
Is 44597653 a prime number?
True
Is 47106697193 prime?
True
Is 3387518723 a composite number?
False
Is 904875217 a composite number?
False
Is 47596113991 a composite number?
False
Is 9159580867 a composite number?
False
Is 1050909127 a composite number?
True
Is 19581814099 a composite number?
False
Is 10753752661 composite?
False
Is 1237159009 prime?
False
Is 32428453 composite?
False
Is 139089366926 a prime number?
False
Is 9699704783 a prime number?
False
Is 3752161333 a prime number?
True
Is 3919145291 prime?
True
Is 169814119 a prime number?
True
Is 18092490049 a prime number?
True
Is 143838536029 prime?
True
Is 167575352023 a prime number?
True
Is 4518993481 prime?
True
Is 11549066821 a composite number?
True
Is 13812985111 composite?
False
Is 15511512607 a prime number?
True
Is 6624370871 a prime number?
True
Is 7555300903 prime?
True
Is 46336970846 composite?
True
Is 361060361 a prime number?
True
Is 313297294 composite?
True
Is 7038875707 a composite number?
False
Is 710731223 a prime number?
False
Is 166551367 a prime number?
True
Is 572474027 a composite number?
True
Is 79813293083 composite?
True
Is 80308596023 prime?
True
Is 11611190777 a composite number?
False
Is 26374223173 a prime number?
True
Is 123492757 composite?
False
Is 69220703 a composite number?
True
Is 19781566306 a composite number?
True
Is 1047775119 a composite number?
True
Is 4761288733 a composite number?
False
Is 19349684347 composite?
True
Is 63601029553 a composite number?
False
Is 4488536629 a composite number?
False
Is 8961705707 composite?
True
Is 62533804715 a prime number?
False
Is 305883893 composite?
True
Is 466192169 composite?
True
Is 1913452223 composite?
False
Is 5902610529 composite?
True
Is 184444970539 composite?
True
Is 2436832483 prime?
True
Is 5986893257 prime?
True
Is 985338647 composite?
False
Is 1140906677 a prime number?
True
Is 2849689897 a prime number?
False
Is 1872329047 composite?
True
Is 248037045827 a prime number?
True
Is 98323283 a prime number?
True
Is 3329625427 composite?
True
Is 2053027199 composite?
True
Is 12345396683 a composite number?
False
Is 4372797707 a composite number?
False
Is 365428697 prime?
True
Is 11981383457 a prime number?
True
Is 4846340039 prime?
False
Is 173815333 a composite number?
True
Is 207534091 composite?
False
Is 2242808885 composite?
True
Is 637555019 a composite number?
True
Is 83812637 prime?
False
Is 322149539369 composite?
True
Is 604217057 prime?
True
Is 2292034373 a prime number?
True
Is 1032251501 a composite number?
True
Is 61104705329 a composite number?
True
Is 114453567859 prime?
True
Is 403611637001 prime?
True
Is 17418856891 a composite number?
True
Is 106388451529 a prime number?
True
Is 973899449 a prime number?
True
Is 1385239763 a composite number?
True
Is 165861217 a composite number?
False
Is 2818553681 a prime number?
True
Is 233807933 a prime number?
False
Is 33389309537 a composite number?
False
Is 473323637 a composite number?
False
Is 1103192891 prime?
True
Is 57821187577 prime?
True
Is 446305337 prime?
True
Is 11013054014 a prime number?
False
Is 461905687 composite?
False
Is 2349817462 composite?
True
Is 9757256831 a prime number?
False
Is 28780860281 a composite number?
False
Is 191133097 a prime number?
False
Is 159193777 a prime number?
True
Is 176971240651 a prime number?
True
Is 10166098199 prime?
True
Is 873178213 composite?
True
Is 1446665993 prime?
True
Is 10159797101 prime?
False
Is 194292583 a composite number?
False
Is 8347668653 a prime number?
True
Is 15473993 composite?
False
Is 1408424453 prime?
True
Is 7367265613 prime?
True
Is 2077209649 composite?
True
Is 5771041943 a prime number?
False
Is 144939637061 composite?
False
Is 2011136957 composite?
False
Is 5584066489 a prime number?
True
Is 975156433 a composite number?
False
Is 4481909933 prime?
True
Is 3725726597 a prime number?
True
Is 686514343 a composite number?
True
Is 8410739333 composite?
True
Is 5198051073 a composite number?
True
Is 34025625929 a composite number?
True
Is 3246333773 composite?
False
Is 145134412503 a prime number?
False
Is 21444950659 a composite number?
True
Is 19640890679 composite?
True
Is 528767213 prime?
False
Is 45863332763 a composite number?
True
Is 80938403459 prime?
True
Is 42255053 a composite number?
False
Is 1617035977 a composite number?
False
Is 4852802861 composite?
True
Is 95475464701 prime?
True
Is 4927707599 prime?
True
Is 5887989563 a composite number?
True
Is 1471424791 prime?
False
Is 130550153 composite?
False
Is 23753057617 prime?
False
Is 139783005757 composite?
True
Is 1340428997 a composite number?
True
Is 177774591 a composite number?
True
Is 2043617441 prime?
False
Is 64863599257 a composite number?
True
Is 5639992537 a composite number?
False
Is 45739423811 a composite number?
False
Is 31376819281 a composite number?
False
Is 12180154769 a composite number?
False
Is 57363307 composite?
False
Is 11585210863 a composite number?
False
Is 3217211593 prime?
True
Is 149670760207 a composite number?
False
Is 2710082789 a prime number?
False
Is 9775702779 composite?
True
Is 4589344777 a prime number?
False
Is 19292172689 a prime number?
True
Is 507488851 prime?
True
Is 546569879 a prime number?
False
Is 859834621 prime?
True
Is 56132080087 a prime number?
True
Is 3196788883 prime?
False
Is 1169868269 a prime number?
True
Is 346985196653 a composite number?
False
Is 84151908221 a prime number?
True
Is 87600695795 prime?
False
Is 1044876449 composite?
False
Is 238103563 prime?
True
Is 795207733 prime?
True
Is 2947217219 prime?
True
Is 366450937 a composite number?
False
Is 22271919763 a prime number?
False
Is 146259734557 a composite number?
False
Is 19699594007 prime?
False
Is 56025890155 prime?
False
Is 14606292871 a prime number?
False
Is 40577290307 a composite number?
False
Is 546537373 a prime number?
False
Is 2518948373 a prime number?
False
Is 1935860371 a prime number?
False
Is 4671773201 a prime number?
True
Is 224314891 a prime number?
False
Is 5710284219 prime?
False
Is 604177 prime?
False
Is 3472864033 composite?
True
Is 1093611359 a prime number?
True
Is 784392137 prime?
True
Is 8684538637 a composite number?
True
Is 4826016001 a prime number?
False
Is 3081932389 a composite number?
True
Is 3173310857 a composite number?
True
Is 11953187819 a composite number?
False
Is 4546948891 a composite number?
True
Is 301830581183 a composite number?
True
Is 65702477767 composite?
True
Is 1700915063 a composite number?
False
Is 5277133174 composite?
True
Is 131695597307 prime?
True
Is 51912236069 prime?
False
Is 1056505493 a composite number?
True
Is 1354307953 prime?
True
Is 3659848513 a composite number?
False
Is 4980316643 a prime number?
True
Is 21256091407 a composite number?
True
Is 6087406187 composite?
True
Is 1434604289 composite?
True
Is 303409411 a composite number?
True
Is 701425705 prime?
False
Is 355963753 a prime number?
False
Is 2558954449 prime?
True
Is 1213053509 a composite number?
True
Is 260261189 composite?
False
Is 71472074563 a prime number?
False
Is 681173362 prime?
False
Is 32470091449 a composite number?
True
Is 7328677121 composite?
False
Is 25027059517 a prime number?
True
Is 3145884761 composite?
True
Is 441281119 a prime number?
False
Is 5176337639 a composite number?
True
Is 428333509 a prime number?
False
Is 870542143 compos